 2*f + 307. What are the prime factors of y?
2, 73
Let p be 0 + 2/(-3) + 99/27. Suppose 3*t = -3*y + 354, -235 + 827 = 5*t + p*y. What are the prime factors of t?
7, 17
Suppose 5*q = 36*f - 35*f + 21059, 4*f + 8438 = 2*q. List the prime factors of q.
4211
Let u(i) = -i**3 + 16*i - 2. Let q be u(-4). What are the prime factors of q/5 + 3 + 927/5?
2, 47
Suppose 0*i + 4 = 2*i. Suppose -i*k = -3*k + 3*l + 22, 0 = -3*k - 2*l + 44. Let d = k - -95. What are the prime factors of d?
3, 37
List the prime factors of 6/21 - (-10)/(-35) - -2676.
2, 3, 223
Let z(w) = w**3 - 44*w**2 + 91*w - 31. Let s be z(42). Let i = 855 + -454. Let x = i - s. What are the prime factors of x?
2, 3, 23
Suppose 2*v - 214 = 4*w, 0 = -5*v + 2 + 3. Let u = w + 198. Let h = 243 - u. List the prime factors of h.
2, 7
Suppose 110*v = 107*v - 2233170. What are the prime factors of 4/(-22) - v/594?
7, 179
Let r = 57436 - 39545. List the prime factors of r.
17891
Let y = 72 + 9. Let b = 121 + y. List the prime factors of b.
2, 101
Suppose 4*a = 2*b + 3 - 1, a = 0. What are the prime factors of 1*332 - (3/b + 4)?
331
Let w(u) = -32*u + 192. Let b be w(6). Let v(h) = 4*h + 744. List the prime factors of v(b).
2, 3, 31
Let h be -6 - (-1668 + 3 + -3 + 5). Let p = -678 + h. What are the prime factors of p?
11, 89
Let c(q) = 1522*q**2 + q - 23. What are the prime factors of c(3)?
2, 7, 977
Let u(d) be the first derivative of -d**3/3 + 6*d**2 - 3*d - 206. Let m be ((-6)/(-4))/((-12)/(-64)). List the prime factors of u(m).
29
Let c = 323 + -271. Suppose 50*h + 1480 = c*h. List the prime factors of h.
2, 5, 37
Let y be (11*37)/((-4 + 3)*1). Let w = y + 190. Let t = 322 + w. List the prime factors of t.
3, 5, 7
Let o be 5 + -2 + (-4 - -151). Let m = o - 147. Suppose m*v + 3*i + 302 - 1211 = 0, 4*v = i + 1202. What are the prime factors of v?
7, 43
Let v(t) = 304*t - 938. What are the prime factors of v(30)?
2, 4091
Let b be (3 + -8)/((-1)/(-13 - 0)). Let x be b/(-20) + (-9)/(-12). Suppose x*l = -10*l + 1470. List the prime factors of l.
3, 5, 7
Let z = 6567 - -7910. What are the prime factors of z?
31, 467
Suppose -8*n + 4428 = -5*n - 3*l, -5*n + 7335 = 4*l. Let s = n - 685. List the prime factors of s.
2, 3, 131
Let t = -39 + 107. List the prime factors of 13*t - (-105)/(-15).
877
Let h = 106 - 169. Let s = h + 119. Suppose -j - n = -s, 4*j - 278 = -j - 4*n. What are the prime factors of j?
2, 3
Suppose -s + 6 = -q - 14, q + 20 = 5*s. Let i(j) = 2*j**3 + 39*j**2 - 29*j - 39. What are the prime factors of i(q)?
3, 47
What are the prime factors of 6948 - -1*(2 + 1)?
3, 7, 331
Let a(v) = v**3 + 8*v**2 - 8*v + 3. Let o be a(-8). Suppose 72*j - o*j = 4850. Suppose 8*q = j + 198. What are the prime factors of q?
2, 73
Suppose -4*b = -263 + 223. Let q(j) = -10*j - 56. Let l(s) = 9*s + 57. Let c(g) = 6*l(g) + 5*q(g). List the prime factors of c(b).
2, 3, 17
Let t be ((0/2)/(2/(-1)))/1. Suppose 3*c + 9*v - 946 = 4*v, t = 4*c + v - 1250. List the prime factors of c.
2, 3, 13
Suppose 2*o + 0*o - 446 = -2*b, 5*o - b = 1109. Let t = o + -87. What are the prime factors of t?
3, 5
Suppose -12*y + 753371 = 23*y + 94776. List the prime factors of y.
31, 607
Let x(k) = -3*k + 7 - 31 + 5*k. Let z be x(11). What are the prime factors of 18/12 + (-329)/z?
2, 83
Let m(c) be the first derivative of -c**4/4 + c**3 + c + 8. Let f be m(2). Suppose -f*t - 5*v = -310 - 20, 15 = 5*v. List the prime factors of t.
3, 7
List the prime factors of 15720/(-14)*-9 + 272/(-28) + 10.
2, 31, 163
Suppose 5*w = -4*d + 135, 32 = 3*d + w - 61. Let k = -27 - -50. Let m = k + d. List the prime factors of m.
53
Let g(i) = 174*i**3 - 4*i**2 - i + 5. What are the prime factors of g(3)?
2, 11, 53
Suppose 0 = -145*u + 1463703 + 341837. What are the prime factors of u?
2, 11, 283
Let j be 7*(-4)/(-14) - 1744. Let r = -783 - j. List the prime factors of r.
7, 137
Suppose 0 = -117*c + 392213 + 1382326. List the prime factors of c.
29, 523
Suppose 3 = -8*g + 11. Suppose -2*z + g = -3. Suppose -877 = -4*u + 5*q, -4*u = -z*q - 888 + 14. What are the prime factors of u?
2, 109
Let p be (-9 + 6)/(1/(-1)). Suppose -r + 1613 = p*o, 3*r - 4825 = -2*o - 0*o. List the prime factors of r.
1607
Let o be (-10)/8 - (-4)/16. Let c be (-16)/56 + (-240)/42. What are the prime factors of ((-526)/c)/1 + o/(-3)?
2, 11
Let b(x) = -521*x - 1440. List the prime factors of b(-27).
3, 23, 61
What are the prime factors of (0 + (-21)/9 - -2)/(143/(-4277130))?
2, 5, 997
Let d(q) = 11*q**2 + 24*q. Let k be d(-3). What are the prime factors of 5748/k - 16/(-144)?
3, 71
List the prime factors of -454*(-2967)/82 - (-494)/(-10127).
16427
Suppose 24281 - 72167 = -58*a + 52*a. List the prime factors of a.
23, 347
Suppose -2*w + 7377 = w. Suppose -h - 1 = 0, 4*a - 14*h = -15*h + w. What are the prime factors of a?
3, 5, 41
Let u(p) = 153*p**2 + 20*p - 26. What are the prime factors of u(8)?
2, 7, 709
Suppose 4*z - p + 46 = 9*z, 0 = 3*z - 2*p - 25. Let l(s) = 45*s + 53. List the prime factors of l(z).
2, 229
Let u be ((-268)/(-4))/(4 + -5). Let c = 96 - 174. Let t = u - c. List the prime factors of t.
11
What are the prime factors of (3171/(-35))/((-18)/30)?
151
Suppose -36*b = -35*b - 444. Let r = b + -217. List the prime factors of r.
227
Let p = -54 - -49. Let i be 206/(-10) + 2/p. List the prime factors of (-938)/i + (-4)/6.
2, 11
Let f = 8419 - 32. What are the prime factors of f?
8387
Let d(j) = j - 6. Let x be d(8). Let g be ((-15)/(-10))/(x + (-39)/24). List the prime factors of (1/(-3))/(3*g/(-6588)).
3, 61
Let h = 38269 - -20759. List the prime factors of h.
2, 3, 4919
Let k(c) = -2*c - 8 - 1 + 1 + 2. Let x be k(-4). Suppose 5*u - 5*m = 365, 5 = 4*u - x*m - 285. What are the prime factors of u?
2, 3
Let h(l) = 17*l + 73. Let u(z) = z**3 - 9*z**2 + 7*z - 8. Let d be u(8). Let j be h(d). Let o = 353 + j. What are the prime factors of o?
2, 7, 11
Let p(l) = -2*l**2 + 8*l - 2. Let r be p(4). Let w be (-1 + r + 0 - -4)*-23. Let g = 36 - w. List the prime factors of g.
59
Let t(b) = 108*b + 3. Let l be t(1). Let n = 116 - l. Suppose -5*p - 42 = -2*m - 653, -p = n*m - 106. List the prime factors of p.
11
Let j be (1 + -2)*5/(-10)*18. Let u(m) = -m**3 + 11*m**2 + 22*m - 17. What are the prime factors of u(j)?
7
What are the prime factors of ((-140824)/(-87))/((-12)/(-27))?
2, 3, 607
Suppose -n - 546 + 1517 = g, -3*n = 6. List the prime factors of g.
7, 139
Suppose 10 = j - 228. Let m(k) = -2 + 3*k + j*k**3 - 246*k**3 + 5*k**2 + 1. List the prime factors of m(-2).
7, 11
Suppose 0*a = 3*a - 18. Suppose -x + 3*g = a, 7 = 3*x + 2*g + 3. Suppose -5*z - 5*y + 680 = 0, -3*y - 696 = -5*z - x*y. What are the prime factors of z?
2, 3, 23
Suppose 30 + 14 = -5*p + 2*m, 59 = -5*p - 3*m. Let x be 5/p + 6*(-1)/(-4). Suppose -c = -x, -b + 0*b + 73 = -5*c. List the prime factors of b.
2, 3, 13
Suppose 5*a + 0*g + 175 = -3*g, g - 35 = a. Let x be a/(-9) - 7/(-63). Suppose -x*d = -815 + 23. What are the prime factors of d?
2, 3, 11
Suppose -3*b - 11 = -20, 5*g - 2*b = -2906. List the prime factors of g/87*(0 - 165).
2, 5, 11
Let y(j) be the second derivative of -12*j**5/5 - j**4/3 - 2*j**3 + 3*j**2/2 - 17*j - 1. List the prime factors of y(-2).
5, 79
Let v(q) = 6*q + 54. Let d be 2/6 + -2 + (-10)/(-6). Let m be v(d). Let b = m + -15. List the prime factors of b.
3, 13
Let q = -65 + 68. Let n be (4 - 4) + -7 + (4 - q). Let b(p) = 5*p**2 - 2*p + 24. What are the prime factors of b(n)?
2, 3
Let k = 180701 - 113963. List the prime factors of k.
2, 3, 7, 227
Let t be 2/13*(19 - 6). Suppose -4*v + 3*x + 753 = -v, v - t*x - 252 = 0. List the prime factors of v.
2, 5
Let o(g) = -83*g + 859. What are the prime factors of o(-19)?
2, 3, 7, 29
Let q be ((-16)/10)/(42/(-105)). Let u be (q - (-10)/(-4))*2. Suppose 11*k - u = 404. What are the prime factors of k?
37
Let o be 3 - (32 + 3)*-2. Suppose 0 = 74*a - o*a - 122. What are the prime factors of a?
2, 61
Let z(c) = 23*c**2 + 4*c - 199. List the prime factors of z(21).
2, 23, 109
Let m(l) = -4 + 6*l + 2 - 15*l**2 + 19 - 1 - 2*l**3. Let c be m(-8). What are the prime factors of (-16)/c - (-243)/2?
11
Let f(l) be the first derivative of l**4/12 + l**3/2 + 50*l**2 - 16*l + 26. Let j(b) be the first derivative of f(b). What are the prime factors of j(0)?
2